it of z?
3
Let z(s) be the first derivative of -4 - s**2 + 1 + 2*s + 1 - 1. What is the units digit of z(-5)?
2
Let t be 5/(-3)*(7 - 10). Suppose -4*g + 4 = 4*x - 96, 25 = t*x. Suppose -2*o = -g + 4. What is the units digit of o?
8
What is the units digit of 10/(-3)*(-144)/40?
2
Suppose 0 = 4*k - 12 + 4. Let f be 3 + (3 - k - 2). Suppose 2*p + 0*p - 5*j = 13, 4*j = p - f. What is the units digit of p?
4
Let c be 3 - 6*8/6. Let r(g) = -g**2 - 11*g + 3. What is the units digit of r(c)?
3
Suppose 2*u - 2*f - 3*f = 421, 0 = 4*u + 4*f - 912. What is the tens digit of u?
2
Let x be 5 + (0/(-2))/(-2). Suppose 3*j + p + x = 34, 2*j - 26 = -4*p. What is the units digit of j?
9
Let s = 98 + -57. What is the tens digit of s?
4
What is the hundreds digit of (326 - -1 - 0) + 1 + -5?
3
Let h be (1/(-3))/(1/(-6)). What is the tens digit of (-400)/(-28) + h/(-7)?
1
Let p(c) be the second derivative of c**3/6 + 15*c**2/2 - 2*c. What is the units digit of p(-8)?
7
Let g = -2 - -5. What is the units digit of -2*g/(-6)*7?
7
Let c(r) = -2*r - 7. Let m be (-8)/4 + 5/(-1). Let w be c(m). Suppose -5*j + 2*o + 3 = -9, 3*o - w = -5*j. What is the units digit of j?
2
Let g be (171/15)/(2/10). Suppose 6 = -3*s + g. Let z = -9 + s. What is the units digit of z?
8
Let g be 8/(-3)*(-3)/2. Let f(t) = -t**2 + 8*t - 6. What is the tens digit of f(g)?
1
Suppose 5*g - 3*i = 12 + 8, -5*g + 15 = -2*i. Let d be (-4 + g + 1)/1. What is the units digit of (-2)/4*11*d?
1
Suppose 130*a - 668 = 126*a. What is the tens digit of a?
6
Let m = 24 + -7. What is the tens digit of m?
1
Let i = 99 - 70. Suppose -4*v + 20 = 3*r - 0*r, 4*r = -3*v + i. What is the units digit of r?
8
Suppose 8*u = 3*u - 3*p + 157, -4*u - 3*p + 125 = 0. Suppose -5*b = z - 5, -b = z - 3*z + u. What is the units digit of z?
5
Let w be 4/10*(24 - 4). Let z(h) = -h**3 + 7*h**2 + 8*h + 2. What is the units digit of z(w)?
2
Suppose 5*n - 24 = 1, 2*c - 2*n + 2 = 0. What is the units digit of c?
4
Let q(p) = -p**3 - 6*p**2 - 2*p - 5. Suppose -28 = -4*l + 5*c, -3*c - 2*c = 0. Suppose k - l = a, -3*a + 2*k = -2*k + 22. What is the units digit of q(a)?
7
Let h = 2 - -1. Let l be ((-3)/h - -1) + 2. Suppose -2*a - l*s - 3*s + 8 = 0, -4*a = s - 34. What is the units digit of a?
9
Suppose -3*b = -0*b + 60. Let w = -8 - b. Suppose 0 = 4*t - 0*t - w. What is the units digit of t?
3
Let f be 52*-1*8/(-16). Suppose -1 = l - f. What is the tens digit of l?
2
Let a(h) = -9*h + 8. What is the tens digit of a(-8)?
8
Suppose 4*t + 136 - 572 = 0. What is the hundreds digit of t?
1
Suppose -2*i = 3*v - 5*i + 6, 0 = -4*v - 3*i + 6. Suppose 2*r = 2*f - 14, v*r = -2*f - 4*r - 16. What is the tens digit of (-22)/4*(0 - f)?
1
Suppose 0 = 4*s - 9*s - 75. Let t = s + 28. What is the units digit of t?
3
Let z be (-122)/(-6) - 4/12. Suppose w = 4*p - z, 0*p + 5*p = -5*w + 50. Suppose -3*b = -0*b - p. What is the units digit of b?
2
Let h = -7 - -6. What is the units digit of 1*((h - 2) + 7)?
4
Suppose -j = 4*j + 3*g - 34, -4*j + 5*g + 42 = 0. What is the units digit of j/(-20) - 501/(-15)?
3
Let w be 15*(-3)/9*1. Let p(r) = -r**3 - 6*r**2 - 7*r - 5. What is the units digit of p(w)?
5
Let j = 13 + -14. Suppose 0 = 5*w - 6 - 14. Let c = w + j. What is the units digit of c?
3
Let c be 4/6*9/6. Let w be 2/c - (-1 - 1). Suppose 0 = -3*x + 5*x + 2*m + w, 0 = 4*x - 5*m - 28. What is the units digit of x?
2
Suppose -k - 22 = -2*k. What is the tens digit of k?
2
Suppose o - 80 + 57 = 0. What is the units digit of o?
3
Suppose -2*j + 10 = -0*j + 3*l, -j + 6 = 2*l. Suppose -3*d - j*d + 65 = 0. What is the units digit of d?
3
Suppose 10 = 4*n - x - x, 0 = -x - 1. What is the units digit of n - ((-2)/(-2))/(-1)?
3
Let q(l) = -4*l + 3. Let v be q(4). Let t(g) = g**3 + 14*g**2 + 11*g - 5. What is the tens digit of t(v)?
2
Suppose 102 = 5*f - 403. What is the hundreds digit of f?
1
Let y(n) = -n - 9. Let f be y(-11). What is the units digit of (-62)/2*(1 - f)?
1
Let n = 0 - -1. Let f(a) = 4*a**3 + a**2 - 1. Let u be f(n). Suppose u + 10 = 2*p. What is the units digit of p?
7
What is the units digit of (0 - -7)*(16 - -3)?
3
Let g = -197 + 352. What is the tens digit of g?
5
Suppose 2*s = -5*b + 85, 2*b + s - 15 = 4*s. What is the tens digit of b?
1
What is the tens digit of 1506/30 + 8/10?
5
Let f = 166 - 101. What is the tens digit of f?
6
Let k be 20/6*3/2. Suppose f = -z - 2, -3*z - k*f + 0 = 10. Suppose z = -5*o - 4*m + 3, 4*o - 21 = m + 2*m. What is the units digit of o?
3
Let o(z) = -26*z + 33. What is the tens digit of o(-6)?
8
Let i(m) = -m**2 - 7*m - 5. Let z be i(-6). Suppose 4*q + 19 = 2*n + 5*q, -2*q + 2 = 0. What is the units digit of (z - 2)*-2 + n?
1
Let b = 23 - -26. What is the tens digit of b?
4
Suppose 0 = n - 4 + 2. Suppose 2*h + n*h = 160. What is the units digit of h/(-2)*4/(-10)?
8
Suppose c = -4*c + 110. Suppose -i + 14 = -c. What is the units digit of i?
6
Suppose h = 4*h - 42. What is the tens digit of h?
1
Suppose 45 = 2*p - z, -8 - 7 = 5*z. Suppose -5*q = -2*c + 3*c - p, -4*c - q = -65. What is the units digit of c?
6
Let p be 1*(-4)/4 + 3. Suppose 4*j = p*j + 38. What is the units digit of j?
9
Suppose -3*m + 88 = 4*c, 5*c + 2*m = -0*m + 117. What is the tens digit of c?
2
Let b(r) = 3*r**2 + 21*r + 9. What is the units digit of b(-7)?
9
Let d(y) = 7*y + 2. Let x be d(2). Let m = x - -14. What is the units digit of m?
0
Let v = -20 - -28. Suppose 3*x + v = 35. What is the units digit of x?
9
Let a(o) = -o**3 + 11*o**2 - 4*o - 20. What is the tens digit of a(10)?
4
Let i = -95 + 151. What is the units digit of i?
6
Let u(j) = j**3 + 9*j**2 + 8*j + 1. Let l be u(-8). Let x(r) = -2*r + r + 0 - l. What is the units digit of x(-4)?
3
Suppose -4*a = i - 226, 2*i + 8 - 68 = -a. What is the tens digit of a?
5
Let m be ((-4)/(-10))/((-1)/225). What is the tens digit of 20/6*m/(-25)?
1
Let m(n) be the third derivative of n**6/120 + n**5/20 + n**4/6 + n**3/3 + 2*n**2. Let g be m(-3). Let i = g - -14. What is the units digit of i?
4
Let c(z) = -3*z**3 - 4*z**2 - 4*z - 3. Let l(w) = w**3 + 3*w**2 + 2*w + 3. Let u be l(-2). Let p be (2 - (u - -1)) + 0. What is the tens digit of c(p)?
1
Let l be 1 + -1 - -2 - -1. Suppose 64 + 20 = l*f. Suppose -4*m + f = -2*n, -5*n - 5 = 3*m - 0*m. What is the units digit of m?
5
Let u = 25 + -15. What is the units digit of u?
0
Suppose -2*t + 4*t = 0. Suppose t = -3*w - 5*s + 131, -3*w - 3*s + 30 = -99. What is the units digit of w?
2
Let t = -59 - -119. What is the tens digit of t?
6
Suppose -4*k = -3*l - k + 168, 3*k - 68 = -l. What is the units digit of l?
9
Let i(k) = -k**2 + 6*k + 6. Let r be i(7). Let n(p) = -p + 1. What is the units digit of n(r)?
2
Suppose 2*x = -3 + 171. Suppose -2*k + 102 = 4*i, -4*i - 7 = -3*k - x. Let d = i + -14. What is the units digit of d?
9
Suppose -13*n + 1043 + 933 = 0. What is the hundreds digit of n?
1
Let d(a) = 53*a - 5. What is the hundreds digit of d(2)?
1
Let g be ((-2)/6*0)/(-1). Suppose 0 = 2*q - 4 - g. Suppose -3*i + 3 = 3*k, 0 = k - q*k. What is the units digit of i?
1
Let o(b) = -b**3 - 21*b**2 - 24*b + 8. What is the units digit of o(-20)?
8
Let x = 0 + 0. Suppose 0*v + 4*v + 8 = 0, -2*j - 3*v + 12 = x. Suppose 0 = 4*c - 41 + j. What is the units digit of c?
8
Suppose 13 = v - 3. What is the units digit of v?
6
Suppose -5*d - 55 = -255. Let c = d + -8. What is the tens digit of c?
3
Suppose 5*p - 320 = -4*w, -3*w = -p - 0*w + 83. Suppose 12 = 5*f - p. What is the tens digit of f?
1
Let g(m) = -33*m - 2. What is the units digit of g(-2)?
4
Let v = 65 - 44. What is the tens digit of v?
2
Let v(y) = y**2 - 4*y + 2. Let h be v(4). Suppose 0 = -5*z - 22 + 7. What is the units digit of (-8)/6*z/h?
2
Let c(s) be the third derivative of -s**4/24 - 4*s**3/3 - s**2. Let k be c(-6). What is the units digit of 5 - (-3)/(3/k)?
3
Let x = 0 - 4. Let p = x + 6. What is the tens digit of 14 - (-2 - -4) - p?
1
Suppose -5*d - 84 = -249. What is the units digit of d?
3
Let f = -6 - -9. What is the units digit of (46/(-4) + f)*-2?
7
Let a(b) = -5*b**2 - 9*b - 10. Let n(h) = -6*h**2 - 9*h - 11. Let u(g) = -7*a(g) + 6*n(g). What is the tens digit of u(7)?
1
Let k(n) = 6*n**2 + 2*n + 2. Let w(q) = 7*q**2 + 3*q + 3. Let m(a) = 5*k(a) - 4*w(a). Let g be m(3). Let b = 4 + g. What is the tens